[INFO] cloning repository https://github.com/brentvatne/simple-rust-push-server-example
[INFO] running `Command { std: "git" "-c" "credential.helper=" "-c" "credential.helper=/workspace/cargo-home/bin/git-credential-null" "clone" "--bare" "https://github.com/brentvatne/simple-rust-push-server-example" "/workspace/cache/git-repos/https%3A%2F%2Fgithub.com%2Fbrentvatne%2Fsimple-rust-push-server-example", kill_on_drop: false }`
[INFO] [stderr] Cloning into bare repository '/workspace/cache/git-repos/https%3A%2F%2Fgithub.com%2Fbrentvatne%2Fsimple-rust-push-server-example'...
[INFO] running `Command { std: "git" "rev-parse" "HEAD", kill_on_drop: false }`
[INFO] [stdout] 41189c604cbe789858b03de8cd2317814dca2bcc
[INFO] building brentvatne/simple-rust-push-server-example against master#881c1ac408d93bb7adaa3a51dabab9266e82eee8 for issue-85264
[INFO] running `Command { std: "git" "clone" "/workspace/cache/git-repos/https%3A%2F%2Fgithub.com%2Fbrentvatne%2Fsimple-rust-push-server-example" "/workspace/builds/worker-1/source", kill_on_drop: false }`
[INFO] [stderr] Cloning into '/workspace/builds/worker-1/source'...
[INFO] [stderr] done.
[INFO] validating manifest of git repo https://github.com/brentvatne/simple-rust-push-server-example on toolchain 881c1ac408d93bb7adaa3a51dabab9266e82eee8
[INFO] running `Command { std: "/workspace/cargo-home/bin/cargo" "+881c1ac408d93bb7adaa3a51dabab9266e82eee8" "metadata" "--manifest-path" "Cargo.toml" "--no-deps", kill_on_drop: false }`
[INFO] started tweaking git repo https://github.com/brentvatne/simple-rust-push-server-example
[INFO] finished tweaking git repo https://github.com/brentvatne/simple-rust-push-server-example
[INFO] tweaked toml for git repo https://github.com/brentvatne/simple-rust-push-server-example written to /workspace/builds/worker-1/source/Cargo.toml
[INFO] crate git repo https://github.com/brentvatne/simple-rust-push-server-example already has a lockfile, it will not be regenerated
[INFO] running `Command { std: "/workspace/cargo-home/bin/cargo" "+881c1ac408d93bb7adaa3a51dabab9266e82eee8" "fetch" "--manifest-path" "Cargo.toml", kill_on_drop: false }`
[INFO] [stderr]  Downloading crates ...
[INFO] [stderr]   Downloaded mime v0.3.3
[INFO] [stderr]   Downloaded openssl-sys v0.9.17
[INFO] [stderr]   Downloaded cookie v0.9.1
[INFO] [stderr]   Downloaded ordermap v0.2.10
[INFO] [stderr]   Downloaded futures-cpupool v0.1.5
[INFO] [stderr]   Downloaded libflate v0.1.11
[INFO] [stderr]   Downloaded openssl v0.9.17
[INFO] [stderr]   Downloaded smallvec v0.4.2
[INFO] [stderr]   Downloaded yansi v0.3.3
[INFO] [stderr]   Downloaded rocket v0.3.2
[INFO] [stderr]   Downloaded tokio-tls v0.1.3
[INFO] [stderr]   Downloaded native-tls v0.1.4
[INFO] [stderr]   Downloaded rocket_codegen v0.3.2
[INFO] [stderr]   Downloaded schannel v0.1.7
[INFO] [stderr]   Downloaded state v0.3.1
[INFO] [stderr]   Downloaded rocket_contrib v0.3.2
[INFO] [stderr]   Downloaded isatty v0.1.3
[INFO] [stderr]   Downloaded redox_syscall v0.1.30
[INFO] [stderr]   Downloaded gcc v0.3.52
[INFO] running `Command { std: "docker" "create" "-v" "/var/lib/crater-agent-workspace/builds/worker-1/target:/opt/rustwide/target:rw,Z" "-v" "/var/lib/crater-agent-workspace/builds/worker-1/source:/opt/rustwide/workdir:ro,Z" "-v" "/var/lib/crater-agent-workspace/cargo-home:/opt/rustwide/cargo-home:ro,Z" "-v" "/var/lib/crater-agent-workspace/rustup-home:/opt/rustwide/rustup-home:ro,Z" "-e" "SOURCE_DIR=/opt/rustwide/workdir" "-e" "CARGO_TARGET_DIR=/opt/rustwide/target" "-e" "CARGO_HOME=/opt/rustwide/cargo-home" "-e" "RUSTUP_HOME=/opt/rustwide/rustup-home" "-w" "/opt/rustwide/workdir" "-m" "1610612736" "--user" "0:0" "--network" "none" "ghcr.io/rust-lang/crates-build-env/linux@sha256:20528e8c29e4536546f0102ce88568b16ea7538393a33fcca951030f7af10457" "/opt/rustwide/cargo-home/bin/cargo" "+881c1ac408d93bb7adaa3a51dabab9266e82eee8" "metadata" "--no-deps" "--format-version=1", kill_on_drop: false }`
[INFO] [stderr] WARNING: Your kernel does not support swap limit capabilities or the cgroup is not mounted. Memory limited without swap.
[INFO] [stdout] 29002e5f4ed849ff40d2f4724ff5b5dcbc0cbb3b946ba5a7361ed41a33acc7e6
[INFO] running `Command { std: "docker" "start" "-a" "29002e5f4ed849ff40d2f4724ff5b5dcbc0cbb3b946ba5a7361ed41a33acc7e6", kill_on_drop: false }`
[INFO] running `Command { std: "docker" "inspect" "29002e5f4ed849ff40d2f4724ff5b5dcbc0cbb3b946ba5a7361ed41a33acc7e6", kill_on_drop: false }`
[INFO] running `Command { std: "docker" "rm" "-f" "29002e5f4ed849ff40d2f4724ff5b5dcbc0cbb3b946ba5a7361ed41a33acc7e6", kill_on_drop: false }`
[INFO] [stdout] 29002e5f4ed849ff40d2f4724ff5b5dcbc0cbb3b946ba5a7361ed41a33acc7e6
[INFO] running `Command { std: "docker" "create" "-v" "/var/lib/crater-agent-workspace/builds/worker-1/target:/opt/rustwide/target:rw,Z" "-v" "/var/lib/crater-agent-workspace/builds/worker-1/source:/opt/rustwide/workdir:ro,Z" "-v" "/var/lib/crater-agent-workspace/cargo-home:/opt/rustwide/cargo-home:ro,Z" "-v" "/var/lib/crater-agent-workspace/rustup-home:/opt/rustwide/rustup-home:ro,Z" "-e" "SOURCE_DIR=/opt/rustwide/workdir" "-e" "CARGO_TARGET_DIR=/opt/rustwide/target" "-e" "CARGO_INCREMENTAL=0" "-e" "RUST_BACKTRACE=full" "-e" "RUSTFLAGS=--cap-lints=forbid" "-e" "CARGO_HOME=/opt/rustwide/cargo-home" "-e" "RUSTUP_HOME=/opt/rustwide/rustup-home" "-w" "/opt/rustwide/workdir" "-m" "1610612736" "--user" "0:0" "--network" "none" "ghcr.io/rust-lang/crates-build-env/linux@sha256:20528e8c29e4536546f0102ce88568b16ea7538393a33fcca951030f7af10457" "/opt/rustwide/cargo-home/bin/cargo" "+881c1ac408d93bb7adaa3a51dabab9266e82eee8" "build" "--frozen" "--message-format=json", kill_on_drop: false }`
[INFO] [stdout] a119c52d63d7b785f572ca89abd3bb786b3edb1b255ea6faf9b06e83b68abae7
[INFO] [stderr] WARNING: Your kernel does not support swap limit capabilities or the cgroup is not mounted. Memory limited without swap.
[INFO] running `Command { std: "docker" "start" "-a" "a119c52d63d7b785f572ca89abd3bb786b3edb1b255ea6faf9b06e83b68abae7", kill_on_drop: false }`
[INFO] [stderr]    Compiling libc v0.2.29
[INFO] [stderr]    Compiling gcc v0.3.52
[INFO] [stderr]    Compiling language-tags v0.2.2
[INFO] [stderr]    Compiling yansi v0.3.3
[INFO] [stderr]    Compiling untrusted v0.5.0
[INFO] [stderr]    Compiling typeable v0.1.2
[INFO] [stderr]    Compiling traitobject v0.1.0
[INFO] [stderr]    Compiling unicode-xid v0.0.4
[INFO] [stderr]    Compiling smallvec v0.4.2
[INFO] [stderr]    Compiling quote v0.3.15
[INFO] [stderr]    Compiling state v0.3.1
[INFO] [stderr]    Compiling pear_codegen v0.0.10
[INFO] [stderr]    Compiling tokio-service v0.1.0
[INFO] [stderr]    Compiling base64 v0.5.2
[INFO] [stderr]    Compiling toml v0.4.5
[INFO] [stderr]    Compiling serde_json v1.0.2
[INFO] [stdout] error[E0557]: feature has been removed
[INFO] [stdout]  --> /opt/rustwide/cargo-home/registry/src/github.com-1ecc6299db9ec823/pear_codegen-0.0.10/src/lib.rs:1:45
[INFO] [stdout]   |
[INFO] [stdout] 1 | #![feature(plugin_registrar, rustc_private, quote)]
[INFO] [stdout]   |                                             ^^^^^ feature has been removed
[INFO] [stdout] 
[INFO] [stdout] 
[INFO] [stdout] error[E0462]: found staticlib `rustc` instead of rlib or dylib
[INFO] [stdout]  --> /opt/rustwide/cargo-home/registry/src/github.com-1ecc6299db9ec823/pear_codegen-0.0.10/src/lib.rs:3:1
[INFO] [stdout]   |
[INFO] [stdout] 3 | extern crate rustc;
[INFO] [stdout]   | ^^^^^^^^^^^^^^^^^^^
[INFO] [stdout]   |
[INFO] [stdout]   = help: please recompile that crate using --crate-type lib
[INFO] [stdout]   = note: the following crate versions were found:
[INFO] [stdout]           crate `rustc`: /opt/rustwide/rustup-home/toolchains/881c1ac408d93bb7adaa3a51dabab9266e82eee8/lib/rustlib/x86_64-unknown-linux-gnu/lib/librustc-nightly_rt.lsan.a
[INFO] [stdout]           crate `rustc`: /opt/rustwide/rustup-home/toolchains/881c1ac408d93bb7adaa3a51dabab9266e82eee8/lib/rustlib/x86_64-unknown-linux-gnu/lib/librustc-nightly_rt.msan.a
[INFO] [stdout]           crate `rustc`: /opt/rustwide/rustup-home/toolchains/881c1ac408d93bb7adaa3a51dabab9266e82eee8/lib/rustlib/x86_64-unknown-linux-gnu/lib/librustc-nightly_rt.tsan.a
[INFO] [stdout]           crate `rustc`: /opt/rustwide/rustup-home/toolchains/881c1ac408d93bb7adaa3a51dabab9266e82eee8/lib/rustlib/x86_64-unknown-linux-gnu/lib/librustc-nightly_rt.asan.a
[INFO] [stdout] 
[INFO] [stdout] 
[INFO] [stdout] error: aborting due to 2 previous errors
[INFO] [stdout] 
[INFO] [stdout] 
[INFO] [stdout] For more information about this error, try `rustc --explain E0557`.
[INFO] [stdout] 
[INFO] [stderr] error: could not compile `pear_codegen`
[INFO] [stderr] 
[INFO] [stderr] To learn more, run the command again with --verbose.
[INFO] [stderr] warning: build failed, waiting for other jobs to finish...
[INFO] [stdout] error[E0658]: trait bounds other than `Sized` on const fn parameters are unstable
[INFO] [stdout]   --> /opt/rustwide/cargo-home/registry/src/github.com-1ecc6299db9ec823/state-0.3.1/src/container.rs:97:18
[INFO] [stdout]    |
[INFO] [stdout] 97 |             map: UnsafeCell::new(0 as *mut _),
[INFO] [stdout]    |                  ^^^^^^^^^^^^^^^^^^^^^^^^^^^^
[INFO] [stdout]    |
[INFO] [stdout]    = note: see issue #57563 <https://github.com/rust-lang/rust/issues/57563> for more information
[INFO] [stdout]    = help: add `#![feature(const_fn_trait_bound)]` to the crate attributes to enable
[INFO] [stdout] 
[INFO] [stdout] 
[INFO] [stdout] error[E0658]: trait bounds other than `Sized` on const fn parameters are unstable
[INFO] [stdout]   --> /opt/rustwide/cargo-home/registry/src/github.com-1ecc6299db9ec823/state-0.3.1/src/container.rs:97:34
[INFO] [stdout]    |
[INFO] [stdout] 97 |             map: UnsafeCell::new(0 as *mut _),
[INFO] [stdout]    |                                  ^^^^^^^^^^^
[INFO] [stdout]    |
[INFO] [stdout]    = note: see issue #57563 <https://github.com/rust-lang/rust/issues/57563> for more information
[INFO] [stdout]    = help: add `#![feature(const_fn_trait_bound)]` to the crate attributes to enable
[INFO] [stdout] 
[INFO] [stdout] 
[INFO] [stdout] error[E0658]: trait bounds other than `Sized` on const fn parameters are unstable
[INFO] [stdout]   --> /opt/rustwide/cargo-home/registry/src/github.com-1ecc6299db9ec823/state-0.3.1/src/storage.rs:58:6
[INFO] [stdout]    |
[INFO] [stdout] 58 | impl<T: Send + Sync + 'static> Storage<T> {
[INFO] [stdout]    |      ^
[INFO] [stdout]    |
[INFO] [stdout]    = note: see issue #57563 <https://github.com/rust-lang/rust/issues/57563> for more information
[INFO] [stdout]    = help: add `#![feature(const_fn_trait_bound)]` to the crate attributes to enable
[INFO] [stdout] 
[INFO] [stdout] 
[INFO] [stdout] error: aborting due to 3 previous errors
[INFO] [stdout] 
[INFO] [stdout] 
[INFO] [stdout] For more information about this error, try `rustc --explain E0658`.
[INFO] [stdout] 
[INFO] [stderr] error: build failed
[INFO] running `Command { std: "docker" "inspect" "a119c52d63d7b785f572ca89abd3bb786b3edb1b255ea6faf9b06e83b68abae7", kill_on_drop: false }`
[INFO] running `Command { std: "docker" "rm" "-f" "a119c52d63d7b785f572ca89abd3bb786b3edb1b255ea6faf9b06e83b68abae7", kill_on_drop: false }`
[INFO] [stdout] a119c52d63d7b785f572ca89abd3bb786b3edb1b255ea6faf9b06e83b68abae7
